s -126261 - 11475?
-137756
In base 8, what is -130305 - -752?
-127333
In base 5, what is 4101 - -1233?
10334
In base 4, what is -31032 - 1222311213?
-1223002311
In base 4, what is -103010030212 + 111?
-103010030101
In base 16, what is 3fd05 - b?
3fcfa
In base 7, what is 301 - 14260025?
-14256424
In base 4, what is 30 - -21213110310?
21213111000
In base 6, what is -4 - -2321324445?
2321324441
In base 10, what is 138104 - -47?
138151
In base 16, what is -be - -986ba?
985fc
In base 14, what is -11273847 + -2?
-11273849
In base 8, what is 4307554 + 10?
4307564
In base 10, what is 4 - 6507343?
-6507339
In base 6, what is 344123 - -13034?
401201
In base 8, what is 161350101 - -14?
161350115
In base 14, what is -7 + 1467950?
1467947
In base 10, what is -350901 + 3?
-350898
In base 12, what is 10aba - -8a1?
1179b
In base 13, what is -2b229928 + -5?
-2b229930
In base 9, what is 605260738 - -4?
605260743
In base 9, what is 3 + 44443457?
44443461
In base 7, what is -5 - -24534554?
24534546
In base 11, what is 3189 + 347?
3525
In base 16, what is 6 + 1b1972?
1b1978
In base 11, what is -10183120 + 5?
-10183116
In base 8, what is -1273 - 14067?
-15362
In base 7, what is -1054353315 + 4?
-1054353311
In base 12, what is -a + 301bb7?
301ba9
In base 16, what is 0 - 20d34a?
-20d34a
In base 15, what is -267ab3a - -1?
-267ab39
In base 15, what is 7d4 + ea2?
1786
In base 10, what is -299 - 4918?
-5217
In base 14, what is -58c + -763?
-d11
In base 4, what is 2010031313 + 113?
2010032032
In base 3, what is 112 - 2222210211101?
-2222210210212
In base 10, what is 192 + -80477?
-80285
In base 8, what is -7 + -61470775?
-61471004
In base 6, what is 3212354 + -22055?
3150255
In base 5, what is 1 + 10130343322?
10130343323
In base 10, what is 522751 + 4?
522755
In base 6, what is 1135 + -555300?
-554121
In base 16, what is 5d7ee58 - 2?
5d7ee56
In base 3, what is -111210 - 2002021101?
-2002210011
In base 9, what is -100 + -81855?
-82055
In base 4, what is 3001 - 21203203?
-21200202
In base 4, what is 1 + -13101230302?
-13101230301
In base 7, what is 5 + -126133251?
-126133243
In base 8, what is -63557 + -25174?
-110753
In base 8, what is -45117224 + -3?
-45117227
In base 14, what is -145ac140 + -4?
-145ac144
In base 11, what is 1574 + -17214?
-15750
In base 14, what is -da07598 + -2?
-da0759a
In base 13, what is 1bb + -1b534?
-1b346
In base 7, what is -1334 + -11516253?
-11520620
In base 14, what is 59a4 - -1?
59a5
In base 5, what is -21 + -21023442?
-21024013
In base 3, what is -22102221201111 + 112?
-22102221200222
In base 6, what is -154440411 + -2?
-154440413
In base 11, what is 1478892 + 105?
1478997
In base 11, what is -566 - 6a50?
-7506
In base 13, what is 24511ac9 + -1?
24511ac8
In base 16, what is -41 + 155d01?
155cc0
In base 3, what is 11122 - 1120121020?
-1120102121
In base 6, what is -121541 + -1521?
-123502
In base 11, what is 2 - 11715490?
-11715489
In base 9, what is -28326 - 47?
-28374
In base 9, what is -8038871 + 1?
-8038870
In base 14, what is 9a56d79 + 1?
9a56d7a
In base 16, what is 8 + -1e765d?
-1e7655
In base 5, what is -1132 + 211443142?
211442010
In base 16, what is -17f8b6 + 5?
-17f8b1
In base 8, what is 3 + 4764451?
4764454
In base 6, what is -241440 - 35323?
-321203
In base 11, what is -2 - -4568830?
4568829
In base 9, what is 16187 + -174?
16013
In base 9, what is -23 - -40326021?
40325887
In base 4, what is -3233 - -11100311?
11031012
In base 10, what is 3283827 + -34?
3283793
In base 3, what is -1202102 + -1221201?
-10201010
In base 3, what is 10021221012 + 2?
10021221021
In base 12, what is 3294 - -1707?
499b
In base 3, what is 120211 - 20120212?
-20000001
In base 12, what is 144b74 + 135?
1450a9
In base 15, what is c - 12b305?
-12b2e8
In base 15, what is -6d - 11e743?
-11e7b1
In base 7, what is 32605 - 6411?
23164
In base 10, what is -2493445 + 0?
-2493445
In base 12, what is -11 - -433775?
433764
In base 10, what is 8154777 + -4?
8154773
In base 6, what is 1235 - 131352?
-130113
In base 10, what is 1799 + 15114?
16913
In base 10, what is 2685 + 69616?
72301
In base 16, what is -8e1bd + 5?
-8e1b8
In base 12, what is 3a0b417 + 3?
3a0b41a
In base 7, what is 65103 - -5331?
103434
In base 2, what is -10001001000001110101001100110 - 0?
-10001001000001110101001100110
In base 16, what is a913 + -9b?
a878
In base 13, what is 1b2a1 - -50?
1b321
In base 10, what is -22302 - 27079?
-49381
In base 4, what is -21312 - -12200202?
12112230
In base 12, what is 3 + 6617761?
6617764
In base 16, what is -518c2a - 98?
-518cc2
In base 7, what is 23062 - 362?
22400
In base 2, what is -10 + 100001100101101000000011?
100001100101101000000001
In base 16, what is -6 + -11924c1?
-11924c7
In base 5, what is -1021 + 12313141103?
12313140032
In base 4, what is 31212 - -1122132000?
1122223212
In base 14, what is 0 + -2a6d6d?
-2a6d6d
In base 9, what is -3457 + -2263?
-5731
In base 14, what is 3d03 + -97?
3c4a
In base 8, what is -5 - 113442647?
-113442654
In base 14, what is 26bb - 710?
1dab
In base 3, what is -10210202101 - -11021101?
-10122111000
In base 12, what is 724592 - -76?
724648
In base 2, what is -10100010110100 + -100001100110?
-11000100011010
In base 4, what is 3032120023101 + 3?
3032120023110
In base 14, what is 1421 + -2b88c?
-2a46b
In base 12, what is 100 - -163b6?
164b6
In base 16, what is -7 + 509661a?
5096613
In base 10, what is 52 - -743300?
743352
In base 8, what is -2564 - -4646?
2062
In base 10, what is 1247615 + 5?
1247620
In base 4, what is 11 + 102113300230?
102113300301
In base 13, what is -127c05ac0 - 2?
-127c05ac2
In base 15, what is 4 - 2888a9d?
-2888a99
In base 16, what is 7 - -37b3ec?
37b3f3
In base 7, what is -103 + -24030005?
-24030111
In base 7, what is -2 - 1115535555?
-1115535560
In base 7, what is -5352 + 12136?
3454
In base 12, what is b359 - 8738?
2821
In base 11, what is 5 + 36888441?
36888446
In base 8, what is 223472503 + 4?
223472507
In base 15, what is 24b7e - 48?
24b36
In base 16, what is -a - 17b4e?
-17b58
In base 11, what is -106 + -39842?
-39948
In base 11, what is 993a - 17303?
-8474
In base 12, what is 698b040 + -1?
698b03b
In base 13, what is 381 - 1b85?
-1804
In base 5, what is 2013 - -441332004?
441334022
In base 11, what is -15422071 + -2?
-15422073
In base 2, what is 1 + 111000100010011101111?
111000100010011110000
In base 13, what is 2 + -268110?
-26810b
In base 7, what is 3 - -45026310?
45026313
In base 11, what is 6a - 787269?
-7871aa
In base 4, what is -201033 - -1132012?
330313
In base 11, what is 110 + 12794?
128a4
In base 4, what is 3 - 230230132122?
-230230132113
In base 10, what is -71526 - -24?
-71502
In base 6, what is 2 - 52341045?
-52341043
In base 10, what is 303325 - 105?
303220
In base 10, what is 926099164 + 5?
926099169
In base 11, what is -135 - 63162a?
-631764
In base 14, what is -1a40908 + -1?
-1a40909
In base 11, what is -687a - 12817?
-19596
In base 12, what is 5 + -61a1bb8?
-61a1bb3
In base 5, what is -1040 - -1120403?
1114313
In base 13, what is 122 - 2c4401?
-2c42ac
In base 12, what is -8a7 - 538?
-1223
In base 12, what is -889 + 1779?
ab0
In base 3, what is -11112022 + 1221102?
-2120220
In base 4, what is 202321 - 22032201?
-21223220
In base 3, what is 2222 - -12011200001?
12011210000
In base 13, what is -254a - -2229?
-321
In base 6, what is -5335 - -4415122?
4405343
In base 2, what is 11000110000101101001 + 101?
11000110000101101110
In base 9, what is -451455305 + -4?
-451455310
In base 2, what is -10000001001 + 10101111101111?
10011111100110
In base 12, what is -343 + -288?
-60b
In base 15, what is -25 - 11a558?
-11a57d
In base 16, what is -165e2 + 108?
-164da
In base 3, what is 1221 + 110101211111220?
110101211120211
In base 9, what is 1380656230 + 0?
1380656230
In base 16, what is -3179043 + 4?
-317903f
In base 10, what is 29 - 1942601?
-1942572
In base 11, what is -21578737 + 3?
-21578734
In base 7, what is -64336105340 - 0?
-64336105340
In base 16, what is -ec - -2043?
1f57
In base 12, what is 73a549 - -4?
73a551
In base 5, what is -44401210123 + -20?
-44401210143
In base 7, what is -211 - -565116?
564605
In base 9, what is 560 + -616856?
-616286
In base 9, what is 86304 - -20115?
116420
In base 14, what is -8b60a96d - -4?
-8b60a969
In base 3, what is 200 - 2012221201120?
-20122212